{"id":4154,"date":"2021-05-07T21:55:50","date_gmt":"2021-05-08T00:55:50","guid":{"rendered":"https:\/\/recriandoseufuturo.com\/?page_id=4154"},"modified":"2021-06-12T09:17:12","modified_gmt":"2021-06-12T12:17:12","slug":"cruzeiros","status":"publish","type":"page","link":"https:\/\/recriandoseufuturo.com\/index.php\/cruzeiros\/","title":{"rendered":"Cruzeiros"},"content":{"rendered":"\n<p>Cruzeiros mar\u00edtimos ou fluviais. Lhe permitem conhecer v\u00e1rios lugares sem desfazer as malas. Essa \u00e9 uma das principais vantagens, mas h\u00e1 outras como: visitar pequenos vilarejos, um resort flutuante com alta gastronomia.<\/p>\n\n\n\n<p>Assim como hot\u00e9is, os cruzeiros possuem suas diferencia\u00e7\u00f5es. Cada um dedicado a um p\u00fablico espec\u00edfico. Viajar num cruzeiro pode ser uma viagem inesquec\u00edvel. Tanto pela alta gastronomia, servi\u00e7o, conforto e exclusividade nos passeios.<\/p>\n\n\n\n<p>Muitos roteiros oferecem atividades relacionadas ao bem estar do passageiro como parte da sua programa\u00e7\u00e3o. <\/p>\n\n\n\n<h3 class=\"wp-block-heading\">Atividades a bordo nos cruzeiros<\/h3>\n\n\n\n<p>Observe que as atividades variam de acordo com a companhia, mas podemos enumerar aqui algumas atividades oferecidas: yoga, trilhas, passeio de bike, aulas de culin\u00e1ria, expedi\u00e7\u00f5es, passeios culturais, entretenimento social. Essas atividades est\u00e3o inclu\u00eddas em alguns cruzeiros. <\/p>\n\n\n\n<figure class=\"wp-block-image size-large\"><img loading=\"lazy\" decoding=\"async\" width=\"1024\" height=\"682\" src=\"https:\/\/recriandoseufuturo.com\/wp-content\/uploads\/2021\/03\/UW-MT-Sundeck-Yoga-0527-1024x682.jpg\" alt=\"\" class=\"wp-image-2415\" srcset=\"https:\/\/recriandoseufuturo.com\/wp-content\/uploads\/2021\/03\/UW-MT-Sundeck-Yoga-0527-1024x682.jpg 1024w, https:\/\/recriandoseufuturo.com\/wp-content\/uploads\/2021\/03\/UW-MT-Sundeck-Yoga-0527-300x200.jpg 300w, https:\/\/recriandoseufuturo.com\/wp-content\/uploads\/2021\/03\/UW-MT-Sundeck-Yoga-0527-768x512.jpg 768w, https:\/\/recriandoseufuturo.com\/wp-content\/uploads\/2021\/03\/UW-MT-Sundeck-Yoga-0527-1536x1024.jpg 1536w, https:\/\/recriandoseufuturo.com\/wp-content\/uploads\/2021\/03\/UW-MT-Sundeck-Yoga-0527-272x182.jpg 272w, https:\/\/recriandoseufuturo.com\/wp-content\/uploads\/2021\/03\/UW-MT-Sundeck-Yoga-0527.jpg 2000w\" sizes=\"auto, (max-width: 1024px) 100vw, 1024px\" \/><\/figure>\n\n\n\n<p>O sistema all-inclusive varia de acordo com a empresa. Naturalmente todas as refei\u00e7\u00f5es est\u00e3o inclu\u00eddas. Mas qual a diferen\u00e7a? Algumas companhias oferecem restaurantes especializados mediante um pagamento adicional. Outras, por sua vez j\u00e1 incluem todas as op\u00e7\u00f5es. <\/p>\n\n\n\n<p>As bebidas alco\u00f3licas s\u00e3o outro diferencial. Podem estar ou n\u00e3o inclu\u00eddas. Quando inclu\u00eddas variam em categoria. Isto \u00e9, voc\u00ea pode ter bebidas ilimitadas em seu pacote. Mas as bebidas premium s\u00e3o pagas a parte. <\/p>\n\n\n\n<p>Normalmente \u00e9 considerado uma bebida premium pela sua marca. Isso quer dizer, que se seu pacote inclui vodka por exemplo, voc\u00ea pode ter direito a uma determinada marca de vodka, e outra mediante uma taxa suplementar. Por outro lado, algumas companhias oferecem bebidas premium inclu\u00eddas de forma ilimitada.<\/p>\n\n\n\n<p>Os cruzeiros de expedi\u00e7\u00e3o normalmente j\u00e1 oferecem alguns passeios inclu\u00eddos. As roupas usadas nas expedi\u00e7\u00f5es podem estar inclu\u00eddas. Podem tamb\u00e9m serem alugadas.<\/p>\n\n\n\n<p>Como s\u00e3o muitos itens na escolha de um cruzeiro, idealmente conversamos para que voc\u00ea fa\u00e7a a melhor escolha.<\/p>\n\n\n\n<p>Voc\u00ea pode explorar um pouco mais sobre os cruzeiros <a href=\"https:\/\/recriandoseufuturo.com\/index.php\/cruzeiros-fluviais\/\">fluviais <\/a>ou <a href=\"https:\/\/recriandoseufuturo.com\/index.php\/cruzeiros-maritimos\/\">mar\u00edtimos<\/a> aqui. <\/p>\n\n\n\n<p>Envie tamb\u00e9m uma <a href=\"https:\/\/api.whatsapp.com\/send?phone=+5581998724520\">mensagem <\/a>que teremos o maior prazer em lhe ajudar.<\/p>\n","protected":false},"excerpt":{"rendered":"<p>Cruzeiros mar\u00edtimos ou fluviais. Lhe permitem conhecer v\u00e1rios lugares sem desfazer as malas. Essa \u00e9 uma das principais vantagens, mas h\u00e1 outras como: visitar pequenos vilarejos, um resort flutuante com alta gastronomia. Assim como hot\u00e9is, os cruzeiros possuem suas diferencia\u00e7\u00f5es. Cada um dedicado a um &hellip; <\/p>\n","protected":false},"author":1,"featured_media":4444,"parent":0,"menu_order":0,"comment_status":"closed","ping_status":"closed","template":"","meta":{"footnotes":""},"class_list":["post-4154","page","type-page","status-publish","has-post-thumbnail","hentry"],"yoast_head":"<!-- This site is optimized with the Yoast SEO plugin v27.4 - https:\/\/yoast.com\/product\/yoast-seo-wordpress\/ -->\n<title>Cruzeiros - Recriando seu Futuro<\/title>\n<meta name=\"description\" content=\"Cruzeiros mar\u00edtimos ou fluviais. Lhe permite conhecer v\u00e1rios lugares sem desfazer as malas. Essa \u00e9 uma das principais vantagens, mas h\u00e1 outras\" \/>\n<meta name=\"robots\" content=\"index, follow, max-snippet:-1, max-image-preview:large, max-video-preview:-1\" \/>\n<link rel=\"canonical\" href=\"https:\/\/recriandoseufuturo.com\/index.php\/cruzeiros\/\" \/>\n<meta property=\"og:locale\" content=\"pt_BR\" \/>\n<meta property=\"og:type\" content=\"article\" \/>\n<meta property=\"og:title\" content=\"Cruzeiros - Recriando seu Futuro\" \/>\n<meta property=\"og:description\" content=\"Cruzeiros mar\u00edtimos ou fluviais. Lhe permite conhecer v\u00e1rios lugares sem desfazer as malas. Essa \u00e9 uma das principais vantagens, mas h\u00e1 outras\" \/>\n<meta property=\"og:url\" content=\"https:\/\/recriandoseufuturo.com\/index.php\/cruzeiros\/\" \/>\n<meta property=\"og:site_name\" content=\"Recriando seu Futuro\" \/>\n<meta property=\"article:publisher\" content=\"https:\/\/www.facebook.com\/recriandoseufuturo\" \/>\n<meta property=\"article:modified_time\" content=\"2021-06-12T12:17:12+00:00\" \/>\n<meta property=\"og:image\" content=\"https:\/\/recriandoseufuturo.com\/wp-content\/uploads\/2021\/06\/Untitled-design-25-2.png\" \/>\n\t<meta property=\"og:image:width\" content=\"1290\" \/>\n\t<meta property=\"og:image:height\" content=\"540\" \/>\n\t<meta property=\"og:image:type\" content=\"image\/png\" \/>\n<meta name=\"twitter:card\" content=\"summary_large_image\" \/>\n<meta name=\"twitter:label1\" content=\"Est. tempo de leitura\" \/>\n\t<meta name=\"twitter:data1\" content=\"2 minutos\" \/>\n<script type=\"application\/ld+json\" class=\"yoast-schema-graph\">{\"@context\":\"https:\\\/\\\/schema.org\",\"@graph\":[{\"@type\":\"WebPage\",\"@id\":\"https:\\\/\\\/recriandoseufuturo.com\\\/index.php\\\/cruzeiros\\\/\",\"url\":\"https:\\\/\\\/recriandoseufuturo.com\\\/index.php\\\/cruzeiros\\\/\",\"name\":\"Cruzeiros - Recriando seu Futuro\",\"isPartOf\":{\"@id\":\"https:\\\/\\\/recriandoseufuturo.com\\\/#website\"},\"primaryImageOfPage\":{\"@id\":\"https:\\\/\\\/recriandoseufuturo.com\\\/index.php\\\/cruzeiros\\\/#primaryimage\"},\"image\":{\"@id\":\"https:\\\/\\\/recriandoseufuturo.com\\\/index.php\\\/cruzeiros\\\/#primaryimage\"},\"thumbnailUrl\":\"https:\\\/\\\/recriandoseufuturo.com\\\/wp-content\\\/uploads\\\/2021\\\/06\\\/Untitled-design-25-2.png\",\"datePublished\":\"2021-05-08T00:55:50+00:00\",\"dateModified\":\"2021-06-12T12:17:12+00:00\",\"description\":\"Cruzeiros mar\u00edtimos ou fluviais. Lhe permite conhecer v\u00e1rios lugares sem desfazer as malas. Essa \u00e9 uma das principais vantagens, mas h\u00e1 outras\",\"breadcrumb\":{\"@id\":\"https:\\\/\\\/recriandoseufuturo.com\\\/index.php\\\/cruzeiros\\\/#breadcrumb\"},\"inLanguage\":\"pt-BR\",\"potentialAction\":[{\"@type\":\"ReadAction\",\"target\":[\"https:\\\/\\\/recriandoseufuturo.com\\\/index.php\\\/cruzeiros\\\/\"]}]},{\"@type\":\"ImageObject\",\"inLanguage\":\"pt-BR\",\"@id\":\"https:\\\/\\\/recriandoseufuturo.com\\\/index.php\\\/cruzeiros\\\/#primaryimage\",\"url\":\"https:\\\/\\\/recriandoseufuturo.com\\\/wp-content\\\/uploads\\\/2021\\\/06\\\/Untitled-design-25-2.png\",\"contentUrl\":\"https:\\\/\\\/recriandoseufuturo.com\\\/wp-content\\\/uploads\\\/2021\\\/06\\\/Untitled-design-25-2.png\",\"width\":1290,\"height\":540,\"caption\":\"cruzeiros\"},{\"@type\":\"BreadcrumbList\",\"@id\":\"https:\\\/\\\/recriandoseufuturo.com\\\/index.php\\\/cruzeiros\\\/#breadcrumb\",\"itemListElement\":[{\"@type\":\"ListItem\",\"position\":1,\"name\":\"In\u00edcio\",\"item\":\"https:\\\/\\\/recriandoseufuturo.com\\\/\"},{\"@type\":\"ListItem\",\"position\":2,\"name\":\"Cruzeiros\"}]},{\"@type\":\"WebSite\",\"@id\":\"https:\\\/\\\/recriandoseufuturo.com\\\/#website\",\"url\":\"https:\\\/\\\/recriandoseufuturo.com\\\/\",\"name\":\"Recriando seu Futuro\",\"description\":\"Viajar revigora o corpo, estimula a mente e eleva o esp\u00edrito\",\"publisher\":{\"@id\":\"https:\\\/\\\/recriandoseufuturo.com\\\/#organization\"},\"potentialAction\":[{\"@type\":\"SearchAction\",\"target\":{\"@type\":\"EntryPoint\",\"urlTemplate\":\"https:\\\/\\\/recriandoseufuturo.com\\\/?s={search_term_string}\"},\"query-input\":{\"@type\":\"PropertyValueSpecification\",\"valueRequired\":true,\"valueName\":\"search_term_string\"}}],\"inLanguage\":\"pt-BR\"},{\"@type\":\"Organization\",\"@id\":\"https:\\\/\\\/recriandoseufuturo.com\\\/#organization\",\"name\":\"Recriando seu Futuro Viagens e Turismo\",\"url\":\"https:\\\/\\\/recriandoseufuturo.com\\\/\",\"logo\":{\"@type\":\"ImageObject\",\"inLanguage\":\"pt-BR\",\"@id\":\"https:\\\/\\\/recriandoseufuturo.com\\\/#\\\/schema\\\/logo\\\/image\\\/\",\"url\":\"https:\\\/\\\/recriandoseufuturo.com\\\/wp-content\\\/uploads\\\/2021\\\/06\\\/cropped-Untitled-design-24-3.png\",\"contentUrl\":\"https:\\\/\\\/recriandoseufuturo.com\\\/wp-content\\\/uploads\\\/2021\\\/06\\\/cropped-Untitled-design-24-3.png\",\"width\":150,\"height\":150,\"caption\":\"Recriando seu Futuro Viagens e Turismo\"},\"image\":{\"@id\":\"https:\\\/\\\/recriandoseufuturo.com\\\/#\\\/schema\\\/logo\\\/image\\\/\"},\"sameAs\":[\"https:\\\/\\\/www.facebook.com\\\/recriandoseufuturo\",\"https:\\\/\\\/www.instagram.com\\\/recriandoseufuturo\\\/\"]}]}<\/script>\n<!-- \/ Yoast SEO plugin. -->","yoast_head_json":{"title":"Cruzeiros - Recriando seu Futuro","description":"Cruzeiros mar\u00edtimos ou fluviais. Lhe permite conhecer v\u00e1rios lugares sem desfazer as malas. Essa \u00e9 uma das principais vantagens, mas h\u00e1 outras","robots":{"index":"index","follow":"follow","max-snippet":"max-snippet:-1","max-image-preview":"max-image-preview:large","max-video-preview":"max-video-preview:-1"},"canonical":"https:\/\/recriandoseufuturo.com\/index.php\/cruzeiros\/","og_locale":"pt_BR","og_type":"article","og_title":"Cruzeiros - Recriando seu Futuro","og_description":"Cruzeiros mar\u00edtimos ou fluviais. Lhe permite conhecer v\u00e1rios lugares sem desfazer as malas. Essa \u00e9 uma das principais vantagens, mas h\u00e1 outras","og_url":"https:\/\/recriandoseufuturo.com\/index.php\/cruzeiros\/","og_site_name":"Recriando seu Futuro","article_publisher":"https:\/\/www.facebook.com\/recriandoseufuturo","article_modified_time":"2021-06-12T12:17:12+00:00","og_image":[{"width":1290,"height":540,"url":"https:\/\/recriandoseufuturo.com\/wp-content\/uploads\/2021\/06\/Untitled-design-25-2.png","type":"image\/png"}],"twitter_card":"summary_large_image","twitter_misc":{"Est. tempo de leitura":"2 minutos"},"schema":{"@context":"https:\/\/schema.org","@graph":[{"@type":"WebPage","@id":"https:\/\/recriandoseufuturo.com\/index.php\/cruzeiros\/","url":"https:\/\/recriandoseufuturo.com\/index.php\/cruzeiros\/","name":"Cruzeiros - Recriando seu Futuro","isPartOf":{"@id":"https:\/\/recriandoseufuturo.com\/#website"},"primaryImageOfPage":{"@id":"https:\/\/recriandoseufuturo.com\/index.php\/cruzeiros\/#primaryimage"},"image":{"@id":"https:\/\/recriandoseufuturo.com\/index.php\/cruzeiros\/#primaryimage"},"thumbnailUrl":"https:\/\/recriandoseufuturo.com\/wp-content\/uploads\/2021\/06\/Untitled-design-25-2.png","datePublished":"2021-05-08T00:55:50+00:00","dateModified":"2021-06-12T12:17:12+00:00","description":"Cruzeiros mar\u00edtimos ou fluviais. Lhe permite conhecer v\u00e1rios lugares sem desfazer as malas. Essa \u00e9 uma das principais vantagens, mas h\u00e1 outras","breadcrumb":{"@id":"https:\/\/recriandoseufuturo.com\/index.php\/cruzeiros\/#breadcrumb"},"inLanguage":"pt-BR","potentialAction":[{"@type":"ReadAction","target":["https:\/\/recriandoseufuturo.com\/index.php\/cruzeiros\/"]}]},{"@type":"ImageObject","inLanguage":"pt-BR","@id":"https:\/\/recriandoseufuturo.com\/index.php\/cruzeiros\/#primaryimage","url":"https:\/\/recriandoseufuturo.com\/wp-content\/uploads\/2021\/06\/Untitled-design-25-2.png","contentUrl":"https:\/\/recriandoseufuturo.com\/wp-content\/uploads\/2021\/06\/Untitled-design-25-2.png","width":1290,"height":540,"caption":"cruzeiros"},{"@type":"BreadcrumbList","@id":"https:\/\/recriandoseufuturo.com\/index.php\/cruzeiros\/#breadcrumb","itemListElement":[{"@type":"ListItem","position":1,"name":"In\u00edcio","item":"https:\/\/recriandoseufuturo.com\/"},{"@type":"ListItem","position":2,"name":"Cruzeiros"}]},{"@type":"WebSite","@id":"https:\/\/recriandoseufuturo.com\/#website","url":"https:\/\/recriandoseufuturo.com\/","name":"Recriando seu Futuro","description":"Viajar revigora o corpo, estimula a mente e eleva o esp\u00edrito","publisher":{"@id":"https:\/\/recriandoseufuturo.com\/#organization"},"potentialAction":[{"@type":"SearchAction","target":{"@type":"EntryPoint","urlTemplate":"https:\/\/recriandoseufuturo.com\/?s={search_term_string}"},"query-input":{"@type":"PropertyValueSpecification","valueRequired":true,"valueName":"search_term_string"}}],"inLanguage":"pt-BR"},{"@type":"Organization","@id":"https:\/\/recriandoseufuturo.com\/#organization","name":"Recriando seu Futuro Viagens e Turismo","url":"https:\/\/recriandoseufuturo.com\/","logo":{"@type":"ImageObject","inLanguage":"pt-BR","@id":"https:\/\/recriandoseufuturo.com\/#\/schema\/logo\/image\/","url":"https:\/\/recriandoseufuturo.com\/wp-content\/uploads\/2021\/06\/cropped-Untitled-design-24-3.png","contentUrl":"https:\/\/recriandoseufuturo.com\/wp-content\/uploads\/2021\/06\/cropped-Untitled-design-24-3.png","width":150,"height":150,"caption":"Recriando seu Futuro Viagens e Turismo"},"image":{"@id":"https:\/\/recriandoseufuturo.com\/#\/schema\/logo\/image\/"},"sameAs":["https:\/\/www.facebook.com\/recriandoseufuturo","https:\/\/www.instagram.com\/recriandoseufuturo\/"]}]}},"_links":{"self":[{"href":"https:\/\/recriandoseufuturo.com\/index.php\/wp-json\/wp\/v2\/pages\/4154","targetHints":{"allow":["GET"]}}],"collection":[{"href":"https:\/\/recriandoseufuturo.com\/index.php\/wp-json\/wp\/v2\/pages"}],"about":[{"href":"https:\/\/recriandoseufuturo.com\/index.php\/wp-json\/wp\/v2\/types\/page"}],"author":[{"embeddable":true,"href":"https:\/\/recriandoseufuturo.com\/index.php\/wp-json\/wp\/v2\/users\/1"}],"replies":[{"embeddable":true,"href":"https:\/\/recriandoseufuturo.com\/index.php\/wp-json\/wp\/v2\/comments?post=4154"}],"version-history":[{"count":3,"href":"https:\/\/recriandoseufuturo.com\/index.php\/wp-json\/wp\/v2\/pages\/4154\/revisions"}],"predecessor-version":[{"id":4447,"href":"https:\/\/recriandoseufuturo.com\/index.php\/wp-json\/wp\/v2\/pages\/4154\/revisions\/4447"}],"wp:featuredmedia":[{"embeddable":true,"href":"https:\/\/recriandoseufuturo.com\/index.php\/wp-json\/wp\/v2\/media\/4444"}],"wp:attachment":[{"href":"https:\/\/recriandoseufuturo.com\/index.php\/wp-json\/wp\/v2\/media?parent=4154"}],"curies":[{"name":"wp","href":"https:\/\/api.w.org\/{rel}","templated":true}]}}